355 and 22.
11
Calculate the greatest common factor of 4 and 141238.
2
What is the greatest common divisor of 602 and 269395?
301
Calculate the greatest common factor of 6213 and 436.
109
Calculate the greatest common divisor of 99861 and 24.
3
Calculate the greatest common factor of 254308 and 4.
4
What is the highest common divisor of 67568 and 4592?
656
What is the greatest common factor of 1357 and 5900?
59
Calculate the highest common factor of 23 and 137701.
23
What is the highest common divisor of 6888 and 20760?
24
Calculate the highest common factor of 49856 and 246.
82
Calculate the highest common factor of 1984870 and 20.
10
What is the greatest common divisor of 61401 and 5697?
633
What is the greatest common divisor of 13250 and 15370?
530
Calculate the highest common factor of 474 and 77880.
6
Calculate the greatest common divisor of 64 and 58.
2
Calculate the greatest common factor of 980 and 67120.
20
What is the greatest common divisor of 57790 and 110?
10
What is the highest common factor of 214968 and 6360?
1272
Calculate the greatest common divisor of 1485 and 274239.
27
What is the greatest common factor of 22 and 16317862?
22
What is the greatest common divisor of 7844616 and 468?
468
What is the highest common divisor of 588 and 313740?
84
Calculate the highest common divisor of 5654 and 57568.
514
What is the greatest common factor of 1755729 and 9?
9
Calculate the greatest common factor of 2317 and 224.
7
Calculate the highest common divisor of 422073 and 621.
207
Calculate the highest common factor of 97905 and 49755.
1605
What is the greatest common factor of 160 and 400?
80
What is the highest common divisor of 26 and 418?
2
What is the greatest common factor of 559 and 110461?
13
Calculate the greatest common divisor of 735 and 8610.
105
What is the greatest common factor of 73188 and 72?
36
Calculate the highest common factor of 8692 and 820.
164
What is the greatest common divisor of 244 and 7076?
244
Calculate the greatest common factor of 21403800 and 550.
550
Calculate the highest common factor of 189 and 511245.
189
Calculate the greatest common divisor of 1770232 and 632.
632
What is the greatest common divisor of 112 and 240660?
28
What is the highest common factor of 13088641 and 129?
43
Calculate the greatest common factor of 391 and 8432.
17
Calculate the highest common factor of 5152995 and 135.
45
Calculate the greatest common factor of 3185 and 715.
65
What is the greatest common divisor of 21357 and 23814?
189
Calculate the highest common divisor of 9 and 75942.
9
Calculate the highest common divisor of 14350 and 120050.
350
What is the highest common divisor of 79 and 750737?
79
Calculate the greatest common divisor of 5 and 16151.
1
What is the highest common factor of 18924009 and 1679?
1679
Calculate the highest common divisor of 5740 and 100532.
164
Calculate the greatest common divisor of 439038 and 18.
18
What is the greatest common divisor of 146505 and 15?
15
Calculate the highest common divisor of 4672 and 146.
146
Calculate the greatest common factor of 113262 and 258.
258
What is the greatest common factor of 702 and 75546?
54
Calculate the greatest common divisor of 5328 and 10064.
592
Calculate the greatest common factor of 1521999 and 45.
9
Calculate the greatest common factor of 237858 and 116.
58
What is the greatest common divisor of 94 and 16121?
47
Calculate the highest common factor of 2190487 and 13.
13
What is the greatest common divisor of 534 and 122464?
178
What is the greatest common factor of 1357436 and 674?
674
Calculate the highest common divisor of 3700 and 2230.
10
Calculate the highest common factor of 121244 and 357.
17
Calculate the highest common factor of 650 and 19890.
130
Calculate the greatest common factor of 3605 and 21.
7
Calculate the greatest common factor of 500 and 12088.
4
What is the highest common divisor of 365 and 105?
5
What is the highest common divisor of 315 and 1372945?
35
Calculate the greatest common factor of 2 and 1907636.
2
Calculate the highest common factor of 135 and 201.
3
What is the greatest common factor of 68380 and 1560?
260
Calculate the greatest common factor of 5726 and 210.
14
Calculate the highest common factor of 3006 and 1268198.
334
What is the greatest common divisor of 80391 and 11811?
381
What is the highest common factor of 4694304 and 1712?
1712
What is the highest common divisor of 151710 and 156?
78
What is the greatest common factor of 11493 and 144?
9
Calculate the greatest common factor of 3827 and 2403.
89
Calculate the highest common divisor of 8 and 1310168.
8
What is the highest common divisor of 162634 and 3728?
466
Calculate the highest common factor of 6180 and 540.
60
Calculate the highest common factor of 103149 and 11169.
657
Calculate the highest common divisor of 178668 and 756.
252
What is the greatest common factor of 184 and 701293?
23
What is the highest common divisor of 20962 and 156?
2
What is the greatest common divisor of 5670 and 5562?
54
What is the highest common divisor of 410 and 187780?
410
What is the highest common divisor of 1151508 and 24?
12
What is the highest common factor of 75919 and 3713?
79
Calculate the greatest common factor of 12114 and 301504.
1346
What is the greatest common divisor of 246 and 407868?
246
Calculate the greatest common divisor of 47 and 2663819.
47
What is the greatest common factor of 16 and 27256?
8
Calculate the greatest common factor of 13699 and 5453.
133
What is the highest common factor of 45300 and 42?
6
What is the greatest common divisor of 310 and 2200?
10
Calculate the highest common divisor of 54198 and 18.
18
What is the highest common factor of 759840 and 90?
30
What is the highest common divisor of 2856 and 50484?
84
What is the highest common divisor of 2220 and 333?
111
Calculate the highest common factor of 2728 and 62.
62
What is the highest common factor of 910224 and 1176?
1176
Calculate the highest common factor of 103546 and 3450.
46
What is the highest common factor of 1110 and 12099?
111
What is the highest common factor of 688 and 251464?
344
Calculate the highest common divisor of 741811 and 441.
49
Calculate the greatest common factor of 221178 and 2483.
191
Calculate the greatest common divisor of 88 and 157124.
44
Calculate the greatest common divisor of 1182588 and 7161.
1023
Calculate the greatest common divisor of 15600 and 15900.
300
Calculate the greatest common factor of 10 and 5097150.
10
What is the highest common factor of 1148492 and 1025?
41
Calculate the greatest common divisor of 14 and 817852.
14
Calculate the highest common divisor of 954 and 30422.
106
What is the greatest common factor of 473 and 1111?
11
What is the greatest common factor of 5941 and 143?
13
Calculate the greatest common factor of 8 and 23436.
4
What is the highest common factor of 18809 and 7?
7
What is the highest common factor of 46070 and 119?
17
What is the highest common factor of 106599 and 21?
3
Calculate the highest common factor of 59 and 4897.
59
Calculate the highest common factor of 26096 and 1904.
112
Calculate the highest common divisor of 686 and 300811.
343
Calculate the greatest common divisor of 120 and 54090.
30
What is the greatest common divisor of 42328 and 616?
88
What is the highest common factor of 34 and 1666?
34
What is the greatest common divisor of 847308 and 66?
66
What is the greatest common factor of 4906 and 8690?
22
What is the highest common factor of 4216 and 127534?
1054
What is the greatest common factor of 60998 and 308?
14
What is the highest common factor of 948 and 204294?
474
Calculate the highest common divisor of 107552 and 2176.
32
Calculate the greatest common factor of 53048 and 16264.
152
What is the greatest common divisor of 50252 and 204?
68
Calculate the greatest common divisor of 601525 and 75.
25
Calculate the highest common divisor of 1226992 and 1040.
208
Calculate the greatest common divisor of 119600 and 115.
115
What is the greatest common factor of 588 and 8868?
12
What is the greatest common factor of 128 and 1014224?
16
What is the greatest common divisor of 1642009 and 319?
29
What is the greatest common factor of 26955 and 2385?
45
Calculate the greatest common factor o